e o(-5). Suppose -2*s = 3*g - 316, 5*g = 5*s + 310 + n. What are the prime factors of g?
2, 53
Let t(f) = 2*f - 22. Let s be t(11). Suppose s = -5*z + 4*r + 33 + 124, -4*r + 75 = 3*z. Suppose 0 = p - z - 21. What are the prime factors of p?
2, 5
List the prime factors of (-558)/81 + 7 + (-1259)/(-9).
2, 5, 7
Suppose 3*c - t - 600 = 4069, -4*c + t + 6224 = 0. What are the prime factors of c?
5, 311
Let w(q) = -q**3 + 3*q**2 + 11*q + 3. Let s be w(6). Let j = s - -98. What are the prime factors of j?
59
Let q(g) = -1 - 4 - 2 - 23 + 15*g. What are the prime factors of q(9)?
3, 5, 7
Suppose 2*w = 2*m + 16, -6*w - 8 = -2*w. Let h be m/5*(0 - 21). What are the prime factors of (h/3 - 1) + 0?
13
Let g = 15 - 17. What are the prime factors of 345/6 + 3/g?
2, 7
Suppose -6*y = 4*l - 4*y - 394, 3*y + 116 = l. List the prime factors of l.
101
Let x(a) = -3*a + 4. Let f be x(-3). Let r = 267 - 258. Suppose -92 = r*w - f*w. List the prime factors of w.
23
Suppose -17*q + 23793 = 4*q. What are the prime factors of q?
11, 103
Let k(m) = 6*m**3 + 11*m**2 - 8*m + 21. Let u(s) = -s**3 - 1. Let q(z) = k(z) + 5*u(z). List the prime factors of q(-10).
2, 7
Let d = 444 + -290. What are the prime factors of d?
2, 7, 11
Let c = 1822 + -509. What are the prime factors of c?
13, 101
Suppose 0 = -2*s + 2*y, -14 = -3*s - y - 3*y. Suppose -236 - 216 = 4*z - w, -s*z + w - 224 = 0. List the prime factors of (-3)/6*z/3.
19
Let f = -454 - -1112. Let v = f + -406. Suppose -7*q + v = -3*q. List the prime factors of q.
3, 7
Suppose -2*j = 2, -4*k + 2*j + 3818 = -1120. List the prime factors of k.
2, 617
Let x = -8015 - -13931. List the prime factors of x.
2, 3, 17, 29
Let p = -321 - -326. List the prime factors of p.
5
Let u(z) = -55*z - 132. What are the prime factors of u(-6)?
2, 3, 11
Suppose -4*r + 1146 + 3738 = 0. What are the prime factors of r?
3, 11, 37
Suppose 4 = 18*d + 4. Let b = -58 - -105. Suppose d = -0*p - p + b. List the prime factors of p.
47
Let n be 1 - (-1 - -1 - 4). Suppose -1 = -n*l + 19. Let w(k) = k**3 - k**2 + k - 2. List the prime factors of w(l).
2, 5
Suppose -24*u = -13561 - 2399. List the prime factors of u.
5, 7, 19
Let f(q) = 5*q**3 + q**2 - 1. Let k be f(1). Suppose j - 101 = -0*j + 2*o, 0 = -k*o + 5. List the prime factors of j.
103
Suppose 4*h = 4*s + 2176, -1064 = -2*h - 0*s - 4*s. List the prime factors of h.
2, 3, 5
Let n = -800 + 501. Let g = n + 464. What are the prime factors of g?
3, 5, 11
Suppose 2*c - 25 = -3*c. Suppose 0 = j - 0*j. Suppose j = c*p - 20 - 40. What are the prime factors of p?
2, 3
Suppose 0*h + 8*h = 16. What are the prime factors of 2*(-1)/h*-8?
2
What are the prime factors of (-1)/48*-4 - 285112/(-96)?
2, 3, 5, 11
Let w = 18 + 1156. Let r be (-12)/(-54) - w/18. What are the prime factors of 1/5 - 1092/r?
17
Suppose -4*w + 3*p = 5*p - 724, 3*p + 744 = 4*w. What are the prime factors of w?
3, 61
Let n(t) = 358*t - 194. What are the prime factors of n(5)?
2, 3, 7, 19
Suppose -5*j - 1331 - 1360 = -4*a, -3 = j. What are the prime factors of (-10)/(-75) + a/(-45)*-1?
3, 5
Let g = -53 - -1382. What are the prime factors of g?
3, 443
Let k(j) = 21*j + 246. What are the prime factors of k(32)?
2, 3, 17
Let h = -22 + 16. Let r(z) = 18*z + 3. Let p be r(1). What are the prime factors of -1 + p + 8 + h?
2, 11
Suppose -6*v + 36 + 186 = 0. Suppose v*g - 846 = 31*g. What are the prime factors of g?
3, 47
List the prime factors of ((-264)/10)/(8/(-160)).
2, 3, 11
Let x(n) be the second derivative of n**3/6 - 6*n. Let p be x(2). List the prime factors of 1*p*270/20.
3
Let h be (-10)/(-2) - (-9)/(-9). What are the prime factors of (-2)/h - (-3211)/38?
2, 3, 7
Let z(q) = q - 10. Let w be z(10). Suppose -2*d - 3 + 11 = w. Suppose 3*f + 4*t - 52 = 5*t, 3*f = d*t + 46. What are the prime factors of f?
2, 3
Let a = -20 + -8. Let j be a/(-13) - 30/195. Suppose -j*l = -24 - 36. List the prime factors of l.
2, 3, 5
Let c(m) = m**3 - 2*m**2 - 3*m. Let u be c(3). Suppose 3*x + 4*k - 293 = -u*x, 298 = 3*x + 5*k. List the prime factors of x.
7, 13
Let i be 2/(-4) - (-9)/2. Suppose -18*t = -16*t - 6. Suppose -t*l - i*k = 2*l - 174, -4*l + 3*k = -133. List the prime factors of l.
2, 17
Let a(n) = -4*n**3 + 2. Let s be a(-2). Suppose 2*v - s - 110 = 0. Let l = v + -31. What are the prime factors of l?
41
Let r(x) = 3*x**2 + 3. Let g(v) = -4*v**2 - v - 4. Let f(t) = -4*g(t) - 5*r(t). Let n be f(-3). What are the prime factors of (-1)/(n*2/92)?
23
Let u(x) = 11*x + 16. Let p be (3 + -31)/(-4) + (-3)/(-1). What are the prime factors of u(p)?
2, 3, 7
Suppose 2*z - 5247 = -d - 1663, -10 = 2*z. List the prime factors of d.
2, 3, 599
Let z(l) = -l**3 + l**2 + 2*l - 15. Let t be z(0). Let g = t + 29. List the prime factors of g.
2, 7
Suppose r - 87 = -2*r. Let k = 102 - r. Suppose -23 - k = -3*z. List the prime factors of z.
2
Suppose 5*r = -4*m + 153, m - r - 2*r = 17. Suppose -3*u + m = u. Suppose -2*w = -10, -3*o - 100 = -u*o - 4*w. What are the prime factors of o?
2
Let t(d) = d**2 + 6*d - 8. Let v be ((-56)/35)/(2/20). What are the prime factors of t(v)?
2, 19
Suppose -s + o + 51 = -4*s, -5*o = 3*s + 51. Let q = -15 - s. Let u(g) = 4*g**3 - 3*g**2 + 2*g - 3. What are the prime factors of u(q)?
3, 7
Suppose 8*c = -23*c + 23281. What are the prime factors of c?
751
Let q(o) = 57*o + 0*o**3 - 56*o - o**3. Let u = -7 + 4. What are the prime factors of q(u)?
2, 3
Let h be 2 - 112/63 - (-7720)/9. Let n = h + -606. List the prime factors of n.
2, 3, 7
Suppose 5*o = -11*i + 8*i + 11351, 0 = -4*i - 4*o + 15140. List the prime factors of i.
7, 541
Let g(r) = r**2 + 9*r - 5. Let h be g(-10). Let p = 3 + h. Let o = -5 + p. List the prime factors of o.
3
Suppose -4*k - 95 + 339 = 0. Suppose 2*s + k = 2*c - 19, -5*s - 80 = -2*c. List the prime factors of c.
2, 5
Let z = 1505 - 789. What are the prime factors of z?
2, 179
Let g = -49 + 640. What are the prime factors of g?
3, 197
Suppose 13*k = -12088 + 43743. What are the prime factors of k?
5, 487
Let p(y) be the first derivative of 7*y**2/2 + 12*y - 5. List the prime factors of p(5).
47
Let n be (-620)/(-5) - (-2)/1. Suppose 0*z + 70 = 2*z - 5*v, -3*z - 3*v + n = 0. What are the prime factors of z?
2, 5
Let o(m) = -m**3 + 5*m**2 + 6*m - 3. Suppose 2*a - 4*a + 10 = 0. List the prime factors of o(a).
3
Let w = 12 - 13. Let j(l) = 6*l - 3. Let d be j(w). What are the prime factors of ((-56)/12 + 3)*d?
3, 5
Let h(z) = -z**3 + 7*z**2 + 2 - 2*z - 4 - 1. Let b be h(6). Suppose 83 = 2*d + b. List the prime factors of d.
31
Suppose 54*y - 38*y - 6448 = 0. What are the prime factors of y?
13, 31
Suppose x - 10*g - 4212 = -6*g, -2*g - 16862 = -4*x. What are the prime factors of x?
2, 17, 31
What are the prime factors of (1 + -3)*2840/(5 - 13)?
2, 5, 71
Let c be (-360)/(-14) - (12/7)/(-6). Suppose -2*z + 210 + c = 0. What are the prime factors of z?
2, 59
Let u = -82 - -152. Suppose 3*m + 3*r = 378, 3*m - 5*r - 276 = u. What are the prime factors of m?
2, 61
Let g be (-6)/(-8)*1*4. Let y(s) = -6*s**3 + 9*s**2 + 9 - 3*s + 7*s**g + 0*s. What are the prime factors of y(-9)?
2, 3
Suppose -2*k - 29 = -35. Suppose -1 = k*l - 10. Suppose d + 97 = l*b + 3*d, -3*d = 3. List the prime factors of b.
3, 11
Suppose 0 = -20*t + 24*t - 16. Suppose 3*l = 2 + t. Suppose l*d - 73 = -0*d - m, -2*m + 185 = 5*d. What are the prime factors of d?
3, 13
Suppose 748 = 2*v + 274. List the prime factors of v.
3, 79
Let x(g) = 5 + 4*g + 3*g + 14*g + 1. Let r be x(4). Let l = r - 46. What are the prime factors of l?
2, 11
Let i(r) = 2*r**2 + 33*r + 370. What are the prime factors of i(-22)?
2, 3, 17
Suppose 7*f - 2*f + 1385 = 0. Let l = -141 - f. What are the prime factors of l?
2, 17
Let w = -1123 + 2200. List the prime factors of w.
3, 359
Let h(o) = o**2 - 8*o - 10. Let s be h(8). Let w(k) = -2*k + 8 + 2 + k. List the prime factors of w(s).
2, 5
Suppose -4*u + 8 = -2*u. Suppose -u*q + 2*a = -22, -3*a + 26 = 5*q - 4*a. Suppose 0 = -2*f - 8, -215 = -q*k + f - 6*f. List the prime factors of k.
47
Suppose -4*l + 5 = -m, -4*m - 26 + 6 = -l. Suppose -3 = 3*u + 3*a, -5*u + l = 3*a - 1. What are the prime factors of u?
2
Let o(w) = w**2 - 7*w + 6. Let a be o(6). Suppose -2*k = x - a*x - 12, k = -5*x + 42. Suppose -p + x = p. What are the prime factors of p?